t**2 - 2*t - 28. What is y(7)?
7
Let h(v) = 2*v - 29. Determine h(12).
-5
Let h(p) = p**3 - 4*p**2 - 10*p + 20. Calculate h(5).
-5
Let z(o) = 7*o + 14. Calculate z(-2).
0
Let t(q) = -14*q + 119. Give t(9).
-7
Let p(h) = 4*h + 2. What is p(3)?
14
Let h(s) = -s**2 - 15*s + 11. Give h(-11).
55
Let x(m) = -m**2 - 26*m - 98. Give x(-21).
7
Let k(i) = -7*i - 22. Give k(10).
-92
Let f(v) = 2*v**3 - 3*v**2 - 2*v + 3. Calculate f(4).
75
Let j(z) = 2*z**3 + 3*z**2 - 10*z + 2. Determine j(-3).
5
Let n(b) = -b**3 + 8*b**2 + 22*b - 15. Calculate n(10).
5
Let t(s) = -s**2 + s - 12. What is t(6)?
-42
Let l(t) = -t**3 - 2*t**2 - 2*t. Calculate l(-2).
4
Let w(j) = j**2 - 11*j - 3. Calculate w(10).
-13
Let y(u) = u**3 + 10*u**2 + 22. Calculate y(-10).
22
Let d(o) = -o - 21. Determine d(7).
-28
Let i(n) = -n + 31. What is i(25)?
6
Let h(r) = -4*r**2 + 2*r - 4. Determine h(3).
-34
Let y(w) = w**2 - 4*w. Give y(4).
0
Let r(p) = p**2 - 42*p + 39. Determine r(41).
-2
Let t(o) = -o**3 - 16*o**2 + 2*o - 5. Determine t(-16).
-37
Let s(b) = -11*b - 8. Determine s(-2).
14
Let q(w) = 2*w**3 - 9*w**2 + 11*w + 7. Calculate q(5).
87
Let k(v) = v**2 - 5*v - 2. Determine k(6).
4
Let i(h) = h**2 + 12*h - 90. Calculate i(-18).
18
Let w(f) = -7*f - 81. Give w(-9).
-18
Let d(l) = l**3 + 8*l**2 + 6*l - 4. Give d(-7).
3
Let r(t) = 82*t - 71. Determine r(1).
11
Let i(y) = -y**2 - 9*y - 1. What is i(-8)?
7
Let d(a) = 8*a + 37. Determine d(-15).
-83
Let w(m) = -2*m**2 - 12*m + 2. Give w(-9).
-52
Let l(s) = -7*s + 51. What is l(11)?
-26
Let g(l) = 3*l**3 - 17*l**2 - 5*l - 5. What is g(6)?
1
Let g(w) = 2*w**3 + 13*w**2 - 3*w + 8. Determine g(-7).
-20
Let o(h) = -28*h**2 - 1. Give o(-1).
-29
Let v(i) = -i**3 - 9*i**2 - 11*i + 19. Calculate v(-8).
43
Let s(h) = 12*h + 20. Give s(-2).
-4
Let j(d) = d + 31. Calculate j(-39).
-8
Let z(b) = -21*b - 10. Calculate z(0).
-10
Let t(a) = a + 21. Determine t(-17).
4
Let w(q) = 10*q + 613. Give w(-61).
3
Let d(m) = -3*m**3 - 2*m**2 + m - 2. Calculate d(-3).
58
Let l(z) = -34*z - 1. Calculate l(-1).
33
Let g(i) = -5*i - 6. Calculate g(-6).
24
Let i(t) = -t**3 + 16*t**2 - 17*t + 22. Calculate i(15).
-8
Let s(a) = -25*a + 1. What is s(2)?
-49
Let d(m) = -4*m**3 + m**2 + 6*m - 10. Calculate d(3).
-91
Let c(d) = 18*d**2 - 5*d - 7. Determine c(-1).
16
Let r(m) = 5*m**2 - 8*m - 34. Calculate r(3).
-13
Let n(y) = -2*y**3 + 42*y**2 - 40*y - 16. Calculate n(20).
-16
Let w(u) = u**3 - 21*u**2 + 82*u - 14. Give w(5).
-4
Let g(z) = z**2 + 20*z + 38. Determine g(-18).
2
Let o(r) = r**2 - 3*r - 22. Determine o(-3).
-4
Let n(c) = -c**2 - 16*c - 12. Determine n(-13).
27
Let d(y) = -26*y - 394. Determine d(-15).
-4
Let l(w) = -w - 28. Give l(-17).
-11
Let y(i) = i**3 - 6*i**2 - 3*i - 5. Calculate y(6).
-23
Let y(g) = 3*g - 1. Calculate y(-4).
-13
Let n(r) = -9*r + 4. What is n(-3)?
31
Let h(z) = z + 25. Give h(15).
40
Let w(i) = -i**2 + 54*i - 152. What is w(51)?
1
Let y(m) = -m**2 - 7*m - 8. Determine y(-6).
-2
Let p(k) = -12*k + 11. What is p(4)?
-37
Let o(w) = -w**3 - 2*w**2 + 2*w + 4. Give o(-3).
7
Let u(g) = -g**3 + 8*g**2 - 12*g - 12. Determine u(5).
3
Let i(f) = f - 7. Calculate i(-13).
-20
Let x(i) = 5*i**2 + 2*i + 1. Calculate x(2).
25
Let c(d) = -d**3 + 12*d**2 - 15*d + 3. Give c(10).
53
Let l(x) = -x - 1. What is l(-19)?
18
Let q(d) = 7*d**2 - 3*d. Give q(2).
22
Let a(p) = p**3 + 5*p**2 - 2*p + 3. What is a(-5)?
13
Let i(q) = -9*q - 9. Calculate i(-5).
36
Let n(c) = -3*c**3 - c. Give n(1).
-4
Let k(i) = -4*i**2. What is k(-3)?
-36
Let i(j) = -j**3 - 10*j**2 - 11*j + 19. Give i(-9).
37
Let r(j) = -j - 16. What is r(-21)?
5
Let x(z) = 21*z - 12. What is x(3)?
51
Let u(n) = -n**3 - 9*n**2 + 24*n + 17. Determine u(-11).
-5
Let r(l) = -2*l**3 + l**2 + 3*l - 1. Determine r(2).
-7
Let g(a) = a**3 - 21*a**2 + 20*a - 10. Calculate g(20).
-10
Let j(r) = -31*r + 404. Calculate j(13).
1
Let z(m) = -2*m**2 + 3*m - 21. Give z(4).
-41
Let m(c) = 18*c**2 + 3*c + 2. Determine m(-1).
17
Let s(z) = z**3 - 10*z**2 + 9*z + 6. Give s(9).
6
Let d(k) = k**3 + 7*k**2 + 17*k + 2. Determine d(-3).
-13
Let f(s) = -2*s**2 + 9*s. What is f(5)?
-5
Let u(n) = -n**2 - 13*n - 32. What is u(-6)?
10
Let i(h) = h**2 - 18*h - 29. Determine i(19).
-10
Let u(k) = -k**3 - 6*k**2 - 5*k. What is u(-4)?
-12
Let z(b) = 15*b**2 - 151*b + 11. Determine z(10).
1
Let t(y) = -2*y**3 - 31*y**2 - 17*y - 30. Calculate t(-15).
0
Let a(f) = -14*f**2 - 3*f + 2. Calculate a(-2).
-48
Let n(f) = -2*f + 8. Calculate n(6).
-4
Let z(i) = i**2 + 7*i - 17. What is z(-9)?
1
Let s(o) = o**3 + 3*o**2 - 11*o + 6. What is s(-6)?
-36
Let o(f) = 3*f + 19. Determine o(-2).
13
Let d(n) = n**2 + 4*n - 7. Calculate d(-6).
5
Let k(t) = t**2 + 33*t + 67. Determine k(-33).
67
Let j(s) = 2*s**3 - 8*s**2. Give j(4).
0
Let h(p) = -5*p - 6. Determine h(-9).
39
Let q(b) = 3*b**2 - 2*b - 7. What is q(5)?
58
Let a(n) = 199*n - 1001. Calculate a(5).
-6
Let u(o) = -3*o**2 + 4*o + 5. Calculate u(4).
-27
Let i(r) = -r**2 - 9*r + 45. Calculate i(-12).
9
Let t(z) = 2*z - 19. What is t(10)?
1
Let r(p) = p**3 - 24*p**2 + 25*p - 49. What is r(23)?
-3
Let y(g) = -g**2 + 6*g + 4. Give y(13).
-87
Let n(p) = p**3 - 15*p**2 - 13*p - 26. Give n(16).
22
Let k(l) = -l**3 + 18*l**2 + 36*l + 27. Determine k(20).
-53
Let l(w) = -w**2 + 14*w - 14. Determine l(12).
10
Let a(q) = 2*q + 8. Determine a(-4).
0
Let m(y) = y**3 + 68*y**2 - 289*y - 69. Give m(-72).
3
Let d(t) = 2*t**3 + 12*t**2 + 6*t + 4. Determine d(-5).
24
Let b(s) = s**3 - 14*s**2 - 13*s - 19. What is b(15)?
11
Let s(y) = -2*y**2 - 17*y - 24. What is s(-6)?
6
Let c(h) = 5*h - 3. Determine c(-5).
-28
Let y(u) = u**3 - 19*u**2 + 21*u - 27. Calculate y(18).
27
Let o(c) = -c**2 + 9*c - 16. Determine o(7).
-2
Let j(v) = -7*v**2 + 36*v + 17. Determine j(6).
-19
Let g(u) = -2*u**3 - 2*u**2 - 2*u - 6. Calculate g(-2).
6
Let p(c) = -5*c**3 + 29*c**2 + 3*c. What is p(6)?
-18
Let n(c) = c + 7. Give n(6).
13
Let h(w) = 8*w. Determine h(1).
8
Let w(n) = n - 1. What is w(-4)?
-5
Let x(a) = 3*a**3 - 1. What is x(1)?
2
Let d(z) = -4*z - 6. Give d(7).
-34
Let m(a) = -a**2 + 2*a. Calculate m(3).
-3
Let s(m) = m**2 - 12*m + 6. What is s(11)?
-5
Let r(q) = q**2 + 16*q + 69. Determine r(-10).
9
Let c(w) = 14*w**2 + 58*w + 4. What is c(-4)?
-4
Let g(a) = a**2 - 4*a - 11. Determine g(-4).
21
Let m(p) = p**3 - 8*p**2 + 4*p + 15. Give m(7).
-6
Let j(c) = c**3 - 8*c**2 + 10*c + 3. Calculate j(6).
-9
Let b(z) = z**3 - 20*z**2 + 5*z + 18. Give b(20).
118
Let v(n) = n**3 + 12*n**2 + n - 32. Calculate v(-12).
-44
Let b(h) = -6*h**2 + 4*h + 2. Determine b(-2).
-30
Let u(b) = b + 9. What is u(-6)?
3
Let r(f) = 2*f**3 - 21*f**2 + 11*f - 5. Calculate r(10).
5
Let l(w) = -w**2 - 5*w + 14. Determine l(-8).
-10
Let o(y) = -2*y + 5. Calculate o(11).
-17
Let v(o) = 8*o**3 - 3*o**2 - 3*o - 1. Determine v(-1).
-9
Let k(c) = 11*c + 96. Calculate k(-8).
8
Let x(b) = -b**2 + 5*b - 7. What is x(2)?
-1
Let b(p) = -p**3 + 3*p**2 + 16*p + 5. Calculate b(6).
-7
Let h(i) = -3*i + 3. What is h(9)?
-24
Let h(z) = -z - 15. Determine h(-23).
8
Let n(q) = -7*q - 44. Give n(-4).
-16
Let b(h) = -h**3 - 9*h**2 - 11*h - 5. Give b(-7).
-26
Let t(z) = -z**2 - 8*z - 5. Give t(-5).
10
Let v(z) = -5*z**2 - 4*z + 8. Calculate v(2).
-20
Let w(x) = -4*x**2 - 7*x + 6. What is w(-4)?
-30
Let s(a) = a**3 + 12*a**2 + a - 13. Determine s(-12).
-25
Let r(p) = p**2 + 8*p - 9. Give r(-10).
11
Let v(w) = w**3 - w**2 + w. Determine v(2).
6
Let n(x) = -x**3 + 8*x**2 - 3. Give n(8).
-3
Let g(b) = -2*b**2 - 7*b - 3. Determine g(-6).
-33
Let u(g) = g**2 + 7*g - 1. Give u(-8).
7
Let g(r) = -4*r - 18. Calculate g(-3).
-6
Let z(v) = -2*v**3 + 12*v**2 + 15*v + 1. Calculate z(7).
8
Let a(y) = 165*y**3 - 2*y + 1. Determine a(1).
164
Let z(t) = t**3 + 9*t**2 - 10*t - 7. Calculate z(-10).
-7
Let f(h) = -2*h**3 + 2*h**2 - 2. Determine f(-2).
22
Let w(f) = -f**2 + 3*f - 4. Calculate w(4).
-8
Let i(b) = -b**3 + 6*b**2 - 31*b + 106. Calculate i(4).
14
Let h(l) = -l**3 + 14*l**2 - 3*l + 49. Calculate h(14).
7
Let u(h) = 3*h**2 - 32*h + 9. Determine u(10).
-11
Let o(h) = 12*h + 6. Determine o(-5).
-54
Let o(t) = 3*t**2 + 3*t - 13. What is o(-3)?
5
Let g(z) = 3*z - 28. Determine g(8).
-4
Let h(j) = -6*j - 136. Calculate h(-19).
-22
Let j(x) = -7*x**2 - x + 2. Calculate j(1).
-6
Let r(i) =